{"id":2,"date":"2015-07-28T09:49:05","date_gmt":"2015-07-28T09:49:05","guid":{"rendered":"http:\/\/poddenpatiden.se\/?page_id=2"},"modified":"2024-07-07T20:07:21","modified_gmt":"2024-07-07T20:07:21","slug":"sample-page","status":"publish","type":"page","link":"https:\/\/poddenpatiden.se\/","title":{"rendered":"Startsida"},"content":{"rendered":"<p><strong><em>Med Staffan Dopping och Christer Sturmark.<\/em><\/strong><\/p>\n<p>I den h\u00e4r podden samtalar och filosoferar Staffan Dopping och Christer Sturmark om s\u00e5dant som \u00e4r aktuellt i tiden och som de bryr sig om. Det handlar om politik, nyheter, medier, vetenskap \u2013 ofta med fokus p\u00e5 hur h\u00e4ndelser och skeenden ramas in i medierapportering och offentlig debatt.<\/p>\n<p>Prenumerera g\u00e4rna p\u00e5 podden, den finns ocks\u00e5 att <a href=\"https:\/\/itunes.apple.com\/se\/podcast\/fri-tanke-podcast\/id579920564?mt=2\">ladda ner fr\u00e5n iTunes<\/a>.<\/p>\n<p><strong>Staffan Dopping<\/strong>\u00a0har\u00a0k\u00e4nsla f\u00f6r det talade ordet. Han har en bakgrund som journalist i radio och tv, bland andra f\u00f6r TT, Radio Stockholm, TV4, Sveriges Television och Sveriges Radio. Han har ocks\u00e5 varit informationsdirekt\u00f6r i F\u00f6rsvarsmakten och seniorkonsult i kommunikationsbyr\u00e5n K-Street Advisors.\u00a0Nu leder han intervjuer och panelsamtal p\u00e5 n\u00e4ttidskriften Kvartal.<\/p>\n<p><strong>Christer Sturmark<\/strong> \u00e4r samh\u00e4llsdebatt\u00f6r, f\u00f6rfattare och tillsammans med Bj\u00f6rn Ulvaeus grundare av bokf\u00f6rlaget Fri Tanke. Hans senaste bok heter &#8221;Konsten att t\u00e4nka klart&#8221;. Under 90-talet var han IT-entrepren\u00f6r och en av pionj\u00e4rerna i den d\u00e5 nya internetindustrin.<\/p>\n<p>Kontakta g\u00e4rna podden p\u00e5 e-postadress\u00a0kontakt[at] poddenpatiden.se. Och g\u00e5 in och gilla v\u00e5r sida p\u00e5 <em><a href=\"https:\/\/www.facebook.com\/Poddenpatiden\/\">Facebook<\/a><\/em>.<\/p>\n<p>Du kan prenumerera via\u00a0<a href=\"https:\/\/itunes.apple.com\/se\/podcast\/podden-pa-tiden\/id1032300371\">iTunes<\/a>, Podcaster eller via Podbean.<\/p>\n","protected":false},"excerpt":{"rendered":"<p>Med Staffan Dopping och Christer Sturmark. I den h\u00e4r podden samtalar och filosoferar Staffan Dopping och Christer Sturmark om s\u00e5dant som \u00e4r aktuellt i tiden och som de bryr sig om. Det handlar om politik, nyheter, medier, vetenskap \u2013 ofta med fokus p\u00e5 hur h\u00e4ndelser och skeenden ramas in i medierapportering och offentlig debatt. Prenumerera [&hellip;]<\/p>\n","protected":false},"author":1,"featured_media":10401,"parent":0,"menu_order":0,"comment_status":"open","ping_status":"open","template":"","meta":{"footnotes":""},"class_list":["post-2","page","type-page","status-publish","has-post-thumbnail","hentry"],"_links":{"self":[{"href":"https:\/\/poddenpatiden.se\/index.php\/wp-json\/wp\/v2\/pages\/2","targetHints":{"allow":["GET"]}}],"collection":[{"href":"https:\/\/poddenpatiden.se\/index.php\/wp-json\/wp\/v2\/pages"}],"about":[{"href":"https:\/\/poddenpatiden.se\/index.php\/wp-json\/wp\/v2\/types\/page"}],"author":[{"embeddable":true,"href":"https:\/\/poddenpatiden.se\/index.php\/wp-json\/wp\/v2\/users\/1"}],"replies":[{"embeddable":true,"href":"https:\/\/poddenpatiden.se\/index.php\/wp-json\/wp\/v2\/comments?post=2"}],"version-history":[{"count":20,"href":"https:\/\/poddenpatiden.se\/index.php\/wp-json\/wp\/v2\/pages\/2\/revisions"}],"predecessor-version":[{"id":10601,"href":"https:\/\/poddenpatiden.se\/index.php\/wp-json\/wp\/v2\/pages\/2\/revisions\/10601"}],"wp:featuredmedia":[{"embeddable":true,"href":"https:\/\/poddenpatiden.se\/index.php\/wp-json\/wp\/v2\/media\/10401"}],"wp:attachment":[{"href":"https:\/\/poddenpatiden.se\/index.php\/wp-json\/wp\/v2\/media?parent=2"}],"curies":[{"name":"wp","href":"https:\/\/api.w.org\/{rel}","templated":true}]}}

<p><strong><em>Med Staffan Dopping och Christer Sturmark.</em></strong></p>
<p>I den här podden samtalar och filosoferar Staffan Dopping och Christer Sturmark om sådant som är aktuellt i tiden och som de bryr sig om. Det handlar om politik, nyheter, medier, vetenskap – ofta med fokus på hur händelser och skeenden ramas in i medierapportering och offentlig debatt.</p>
<p>Prenumerera gärna på podden, den finns också att <a href="https://itunes.apple.com/se/podcast/fri-tanke-podcast/id579920564?mt=2">ladda ner från iTunes</a>.</p>
<p><strong>Staffan Dopping</strong> har känsla för det talade ordet. Han har en bakgrund som journalist i radio och tv, bland andra för TT, Radio Stockholm, TV4, Sveriges Television och Sveriges Radio. Han har också varit informationsdirektör i Försvarsmakten och seniorkonsult i kommunikationsbyrån K-Street Advisors. Nu leder han intervjuer och panelsamtal på nättidskriften Kvartal.</p>
<p><strong>Christer Sturmark</strong> är samhällsdebattör, författare och tillsammans med Björn Ulvaeus grundare av bokförlaget Fri Tanke. Hans senaste bok heter &#8221;Konsten att tänka klart&#8221;. Under 90-talet var han IT-entreprenör och en av pionjärerna i den då nya internetindustrin.</p>
<p>Kontakta gärna podden på e-postadress kontakt[at] poddenpatiden.se. Och gå in och gilla vår sida på <em><a href="https://www.facebook.com/Poddenpatiden/">Facebook</a></em>.</p>
<p>Du kan prenumerera via <a href="https://itunes.apple.com/se/podcast/podden-pa-tiden/id1032300371">iTunes</a>, Podcaster eller via Podbean.</p>

<p>Med Staffan Dopping och Christer Sturmark. I den här podden samtalar och filosoferar Staffan Dopping och Christer Sturmark om sådant som är aktuellt i tiden och som de bryr sig om. Det handlar om politik, nyheter, medier, vetenskap – ofta med fokus på hur händelser och skeenden ramas in i medierapportering och offentlig debatt. Prenumerera [&hellip;]</p>
